{"id":6290,"date":"2018-10-01T09:19:41","date_gmt":"2018-10-01T07:19:41","guid":{"rendered":"https:\/\/www.streetpark.eu\/?page_id=6290"},"modified":"2021-12-16T09:26:30","modified_gmt":"2021-12-16T08:26:30","slug":"gdpr","status":"publish","type":"page","link":"https:\/\/www.streetpark.eu\/cs\/gdpr\/","title":{"rendered":"GDPR"},"content":{"rendered":"<p>V\u00a0souladu s obecn\u00fdm na\u0159\u00edzen\u00edm o ochran\u011b osobn\u00edch \u00fadaj\u016f GDPR (Na\u0159\u00edzen\u00ed Evropsk\u00e9ho parlamentu a Rady (EU) 2016\/679 ze dne 27. dubna 2016 o ochran\u011b fyzick\u00fdch osob v souvislosti se zpracov\u00e1n\u00edm osobn\u00edch \u00fadaj\u016f a o voln\u00e9m pohybu t\u011bchto \u00fadaj\u016f) m\u00e1me povinnost V\u00e1s informovat, jak\u00e9 osobn\u00ed \u00fadaje o V\u00e1s evidujeme.<\/p>\n<p>Jedn\u00e1 se p\u0159edev\u0161\u00edm o V\u00e1\u0161 e-mail, pracovn\u00ed telefonn\u00ed \u010d\u00edslo, jm\u00e9no a p\u0159\u00edjmen\u00ed, p\u0159\u00edpadn\u011b pracovn\u00ed pozici \u010di titul. Zpracov\u00e1n\u00ed osobn\u00edch \u00fadaj\u016f je vedeno za \u00fa\u010delem realizace na\u0161\u00ed podnikatelsk\u00e9 \u010dinnosti, uzav\u00edr\u00e1n\u00ed smluv s\u00a0odb\u011brateli a dodavateli, realizace z\u00e1vazk\u016f ze smluv a marketingov\u00e9 \u010dinnosti (zas\u00edl\u00e1n\u00ed informac\u00ed o\u00a0novink\u00e1ch, nov\u00fdch v\u00fdrobc\u00edch a\u00a0projektov\u00fdch referenc\u00ed prost\u0159ednictv\u00edm elektronick\u00e9 po\u0161ty). Pro tento \u00fa\u010del je poskytnut\u00ed osobn\u00ed \u00fadaj\u016f naprosto dobrovoln\u00e9.<\/p>\n<p>\u017d\u00e1dn\u00e9 dal\u0161\u00ed osobn\u00ed informace o V\u00e1s neevidujeme, nezpracov\u00e1v\u00e1me a ani tak \u010dinit nebudeme.<\/p>\n<p>Va\u0161e \u00fadaje neposkytujeme t\u0159et\u00edm stran\u00e1m bez Va\u0161eho p\u0159edchoz\u00edho v\u00fdslovn\u00e9ho souhlasu.<\/p>\n<p>Osobn\u00ed \u00fadaje zpracov\u00e1v\u00e1me a uchov\u00e1v\u00e1me po dobu nezbytn\u011b nutnou k zaji\u0161t\u011bn\u00ed v\u0161ech pr\u00e1v a povinnost\u00ed plynouc\u00edch ze smlouvy, a d\u00e1le po dobu, po kterou jsme povinn\u00ed \u00fadaje uchov\u00e1vat podle obecn\u011b z\u00e1vazn\u00fdch pr\u00e1vn\u00edch p\u0159edpis\u016f.<\/p>\n<p>V\u00a0p\u0159\u00edpad\u011b jak\u00fdchkoli dotaz\u016f \u010di nejasnost\u00ed se na n\u00e1s, pros\u00edm, nev\u00e1hejte obr\u00e1tit obdobn\u011b jako v\u00a0p\u0159\u00edpad\u011b \u017e\u00e1dosti o v\u00fdmaz \u010di \u00fapravu Va\u0161ich osobn\u00edch \u00fadaj\u016f.<\/p>\n","protected":false},"excerpt":{"rendered":"<p>V\u00a0souladu s obecn\u00fdm na\u0159\u00edzen\u00edm o ochran\u011b osobn\u00edch \u00fadaj\u016f GDPR (Na\u0159\u00edzen\u00ed Evropsk\u00e9ho parlamentu a Rady (EU) 2016\/679 ze dne 27. dubna 2016 o ochran\u011b fyzick\u00fdch osob v souvislosti se zpracov\u00e1n\u00edm osobn\u00edch \u00fadaj\u016f a o voln\u00e9m pohybu t\u011bchto \u00fadaj\u016f) m\u00e1me povinnost V\u00e1s &hellip; <a href=\"https:\/\/www.streetpark.eu\/cs\/gdpr\/\">Continued<\/a><\/p>\n","protected":false},"author":6,"featured_media":0,"parent":0,"menu_order":0,"comment_status":"closed","ping_status":"closed","template":"","meta":{"_acf_changed":false,"footnotes":""},"class_list":["post-6290","page","type-page","status-publish","hentry"],"acf":[],"yoast_head":"<!-- This site is optimized with the Yoast SEO plugin v26.9 - https:\/\/yoast.com\/product\/yoast-seo-wordpress\/ -->\n<title>GDPR - M\u011bstsk\u00fd mobili\u00e1\u0159 STREETPARK<\/title>\n<meta name=\"robots\" content=\"index, follow, max-snippet:-1, max-image-preview:large, max-video-preview:-1\" \/>\n<link rel=\"canonical\" href=\"https:\/\/www.streetpark.eu\/cs\/gdpr\/\" \/>\n<meta property=\"og:locale\" content=\"cs_CZ\" \/>\n<meta property=\"og:type\" content=\"article\" \/>\n<meta property=\"og:title\" content=\"GDPR - M\u011bstsk\u00fd mobili\u00e1\u0159 STREETPARK\" \/>\n<meta property=\"og:description\" content=\"V\u00a0souladu s obecn\u00fdm na\u0159\u00edzen\u00edm o ochran\u011b osobn\u00edch \u00fadaj\u016f GDPR (Na\u0159\u00edzen\u00ed Evropsk\u00e9ho parlamentu a Rady (EU) 2016\/679 ze dne 27. dubna 2016 o ochran\u011b fyzick\u00fdch osob v souvislosti se zpracov\u00e1n\u00edm osobn\u00edch \u00fadaj\u016f a o voln\u00e9m pohybu t\u011bchto \u00fadaj\u016f) m\u00e1me povinnost V\u00e1s &hellip; Continued\" \/>\n<meta property=\"og:url\" content=\"https:\/\/www.streetpark.eu\/cs\/gdpr\/\" \/>\n<meta property=\"og:site_name\" content=\"M\u011bstsk\u00fd mobili\u00e1\u0159 STREETPARK\" \/>\n<meta property=\"article:publisher\" content=\"https:\/\/www.facebook.com\/streetpark.eu\" \/>\n<meta property=\"article:modified_time\" content=\"2021-12-16T08:26:30+00:00\" \/>\n<meta name=\"twitter:card\" content=\"summary_large_image\" \/>\n<meta name=\"twitter:label1\" content=\"Odhadovan\u00e1 doba \u010dten\u00ed\" \/>\n\t<meta name=\"twitter:data1\" content=\"1 minuta\" \/>\n<script type=\"application\/ld+json\" class=\"yoast-schema-graph\">{\"@context\":\"https:\/\/schema.org\",\"@graph\":[{\"@type\":\"WebPage\",\"@id\":\"https:\/\/www.streetpark.eu\/cs\/gdpr\/\",\"url\":\"https:\/\/www.streetpark.eu\/cs\/gdpr\/\",\"name\":\"GDPR - M\u011bstsk\u00fd mobili\u00e1\u0159 STREETPARK\",\"isPartOf\":{\"@id\":\"https:\/\/www.streetpark.eu\/cs\/#website\"},\"datePublished\":\"2018-10-01T07:19:41+00:00\",\"dateModified\":\"2021-12-16T08:26:30+00:00\",\"breadcrumb\":{\"@id\":\"https:\/\/www.streetpark.eu\/cs\/gdpr\/#breadcrumb\"},\"inLanguage\":\"cs\",\"potentialAction\":[{\"@type\":\"ReadAction\",\"target\":[\"https:\/\/www.streetpark.eu\/cs\/gdpr\/\"]}]},{\"@type\":\"BreadcrumbList\",\"@id\":\"https:\/\/www.streetpark.eu\/cs\/gdpr\/#breadcrumb\",\"itemListElement\":[{\"@type\":\"ListItem\",\"position\":1,\"name\":\"Dom\u016f\",\"item\":\"https:\/\/www.streetpark.eu\/cs\/\"},{\"@type\":\"ListItem\",\"position\":2,\"name\":\"GDPR\"}]},{\"@type\":\"WebSite\",\"@id\":\"https:\/\/www.streetpark.eu\/cs\/#website\",\"url\":\"https:\/\/www.streetpark.eu\/cs\/\",\"name\":\"M\u011bstsk\u00fd mobili\u00e1\u0159 STREETPARK\",\"description\":\"STREETPARK jsou designov\u00e9 v\u00fdrobky, kter\u00e9 probud\u00ed va\u0161e city.\",\"publisher\":{\"@id\":\"https:\/\/www.streetpark.eu\/cs\/#organization\"},\"potentialAction\":[{\"@type\":\"SearchAction\",\"target\":{\"@type\":\"EntryPoint\",\"urlTemplate\":\"https:\/\/www.streetpark.eu\/cs\/?s={search_term_string}\"},\"query-input\":{\"@type\":\"PropertyValueSpecification\",\"valueRequired\":true,\"valueName\":\"search_term_string\"}}],\"inLanguage\":\"cs\"},{\"@type\":\"Organization\",\"@id\":\"https:\/\/www.streetpark.eu\/cs\/#organization\",\"name\":\"M\u011bstsk\u00fd mobili\u00e1\u0159 STREETPARK\",\"url\":\"https:\/\/www.streetpark.eu\/cs\/\",\"logo\":{\"@type\":\"ImageObject\",\"inLanguage\":\"cs\",\"@id\":\"https:\/\/www.streetpark.eu\/cs\/#\/schema\/logo\/image\/\",\"url\":\"https:\/\/www.streetpark.eu\/wp-content\/uploads\/2022\/10\/STREETPARK_zakladni-varianta_ochr.zona.png\",\"contentUrl\":\"https:\/\/www.streetpark.eu\/wp-content\/uploads\/2022\/10\/STREETPARK_zakladni-varianta_ochr.zona.png\",\"width\":1906,\"height\":575,\"caption\":\"M\u011bstsk\u00fd mobili\u00e1\u0159 STREETPARK\"},\"image\":{\"@id\":\"https:\/\/www.streetpark.eu\/cs\/#\/schema\/logo\/image\/\"},\"sameAs\":[\"https:\/\/www.facebook.com\/streetpark.eu\",\"https:\/\/www.instagram.com\/streetpark.eu\/\",\"https:\/\/www.linkedin.com\/company\/streetpark\",\"https:\/\/cz.pinterest.com\/streetparkurbanfurniture\/\"]}]}<\/script>\n<!-- \/ Yoast SEO plugin. -->","yoast_head_json":{"title":"GDPR - M\u011bstsk\u00fd mobili\u00e1\u0159 STREETPARK","robots":{"index":"index","follow":"follow","max-snippet":"max-snippet:-1","max-image-preview":"max-image-preview:large","max-video-preview":"max-video-preview:-1"},"canonical":"https:\/\/www.streetpark.eu\/cs\/gdpr\/","og_locale":"cs_CZ","og_type":"article","og_title":"GDPR - M\u011bstsk\u00fd mobili\u00e1\u0159 STREETPARK","og_description":"V\u00a0souladu s obecn\u00fdm na\u0159\u00edzen\u00edm o ochran\u011b osobn\u00edch \u00fadaj\u016f GDPR (Na\u0159\u00edzen\u00ed Evropsk\u00e9ho parlamentu a Rady (EU) 2016\/679 ze dne 27. dubna 2016 o ochran\u011b fyzick\u00fdch osob v souvislosti se zpracov\u00e1n\u00edm osobn\u00edch \u00fadaj\u016f a o voln\u00e9m pohybu t\u011bchto \u00fadaj\u016f) m\u00e1me povinnost V\u00e1s &hellip; Continued","og_url":"https:\/\/www.streetpark.eu\/cs\/gdpr\/","og_site_name":"M\u011bstsk\u00fd mobili\u00e1\u0159 STREETPARK","article_publisher":"https:\/\/www.facebook.com\/streetpark.eu","article_modified_time":"2021-12-16T08:26:30+00:00","twitter_card":"summary_large_image","twitter_misc":{"Odhadovan\u00e1 doba \u010dten\u00ed":"1 minuta"},"schema":{"@context":"https:\/\/schema.org","@graph":[{"@type":"WebPage","@id":"https:\/\/www.streetpark.eu\/cs\/gdpr\/","url":"https:\/\/www.streetpark.eu\/cs\/gdpr\/","name":"GDPR - M\u011bstsk\u00fd mobili\u00e1\u0159 STREETPARK","isPartOf":{"@id":"https:\/\/www.streetpark.eu\/cs\/#website"},"datePublished":"2018-10-01T07:19:41+00:00","dateModified":"2021-12-16T08:26:30+00:00","breadcrumb":{"@id":"https:\/\/www.streetpark.eu\/cs\/gdpr\/#breadcrumb"},"inLanguage":"cs","potentialAction":[{"@type":"ReadAction","target":["https:\/\/www.streetpark.eu\/cs\/gdpr\/"]}]},{"@type":"BreadcrumbList","@id":"https:\/\/www.streetpark.eu\/cs\/gdpr\/#breadcrumb","itemListElement":[{"@type":"ListItem","position":1,"name":"Dom\u016f","item":"https:\/\/www.streetpark.eu\/cs\/"},{"@type":"ListItem","position":2,"name":"GDPR"}]},{"@type":"WebSite","@id":"https:\/\/www.streetpark.eu\/cs\/#website","url":"https:\/\/www.streetpark.eu\/cs\/","name":"M\u011bstsk\u00fd mobili\u00e1\u0159 STREETPARK","description":"STREETPARK jsou designov\u00e9 v\u00fdrobky, kter\u00e9 probud\u00ed va\u0161e city.","publisher":{"@id":"https:\/\/www.streetpark.eu\/cs\/#organization"},"potentialAction":[{"@type":"SearchAction","target":{"@type":"EntryPoint","urlTemplate":"https:\/\/www.streetpark.eu\/cs\/?s={search_term_string}"},"query-input":{"@type":"PropertyValueSpecification","valueRequired":true,"valueName":"search_term_string"}}],"inLanguage":"cs"},{"@type":"Organization","@id":"https:\/\/www.streetpark.eu\/cs\/#organization","name":"M\u011bstsk\u00fd mobili\u00e1\u0159 STREETPARK","url":"https:\/\/www.streetpark.eu\/cs\/","logo":{"@type":"ImageObject","inLanguage":"cs","@id":"https:\/\/www.streetpark.eu\/cs\/#\/schema\/logo\/image\/","url":"https:\/\/www.streetpark.eu\/wp-content\/uploads\/2022\/10\/STREETPARK_zakladni-varianta_ochr.zona.png","contentUrl":"https:\/\/www.streetpark.eu\/wp-content\/uploads\/2022\/10\/STREETPARK_zakladni-varianta_ochr.zona.png","width":1906,"height":575,"caption":"M\u011bstsk\u00fd mobili\u00e1\u0159 STREETPARK"},"image":{"@id":"https:\/\/www.streetpark.eu\/cs\/#\/schema\/logo\/image\/"},"sameAs":["https:\/\/www.facebook.com\/streetpark.eu","https:\/\/www.instagram.com\/streetpark.eu\/","https:\/\/www.linkedin.com\/company\/streetpark","https:\/\/cz.pinterest.com\/streetparkurbanfurniture\/"]}]}},"_links":{"self":[{"href":"https:\/\/www.streetpark.eu\/cs\/wp-json\/wp\/v2\/pages\/6290","targetHints":{"allow":["GET"]}}],"collection":[{"href":"https:\/\/www.streetpark.eu\/cs\/wp-json\/wp\/v2\/pages"}],"about":[{"href":"https:\/\/www.streetpark.eu\/cs\/wp-json\/wp\/v2\/types\/page"}],"author":[{"embeddable":true,"href":"https:\/\/www.streetpark.eu\/cs\/wp-json\/wp\/v2\/users\/6"}],"replies":[{"embeddable":true,"href":"https:\/\/www.streetpark.eu\/cs\/wp-json\/wp\/v2\/comments?post=6290"}],"version-history":[{"count":2,"href":"https:\/\/www.streetpark.eu\/cs\/wp-json\/wp\/v2\/pages\/6290\/revisions"}],"predecessor-version":[{"id":25990,"href":"https:\/\/www.streetpark.eu\/cs\/wp-json\/wp\/v2\/pages\/6290\/revisions\/25990"}],"wp:attachment":[{"href":"https:\/\/www.streetpark.eu\/cs\/wp-json\/wp\/v2\/media?parent=6290"}],"curies":[{"name":"wp","href":"https:\/\/api.w.org\/{rel}","templated":true}]}}

<p>V souladu s obecným nařízením o ochraně osobních údajů GDPR (Nařízení Evropského parlamentu a Rady (EU) 2016/679 ze dne 27. dubna 2016 o ochraně fyzických osob v souvislosti se zpracováním osobních údajů a o volném pohybu těchto údajů) máme povinnost Vás informovat, jaké osobní údaje o Vás evidujeme.</p>
<p>Jedná se především o Váš e-mail, pracovní telefonní číslo, jméno a příjmení, případně pracovní pozici či titul. Zpracování osobních údajů je vedeno za účelem realizace naší podnikatelské činnosti, uzavírání smluv s odběrateli a dodavateli, realizace závazků ze smluv a marketingové činnosti (zasílání informací o novinkách, nových výrobcích a projektových referencí prostřednictvím elektronické pošty). Pro tento účel je poskytnutí osobní údajů naprosto dobrovolné.</p>
<p>Žádné další osobní informace o Vás neevidujeme, nezpracováváme a ani tak činit nebudeme.</p>
<p>Vaše údaje neposkytujeme třetím stranám bez Vašeho předchozího výslovného souhlasu.</p>
<p>Osobní údaje zpracováváme a uchováváme po dobu nezbytně nutnou k zajištění všech práv a povinností plynoucích ze smlouvy, a dále po dobu, po kterou jsme povinní údaje uchovávat podle obecně závazných právních předpisů.</p>
<p>V případě jakýchkoli dotazů či nejasností se na nás, prosím, neváhejte obrátit obdobně jako v případě žádosti o výmaz či úpravu Vašich osobních údajů.</p>

<p>V souladu s obecným nařízením o ochraně osobních údajů GDPR (Nařízení Evropského parlamentu a Rady (EU) 2016/679 ze dne 27. dubna 2016 o ochraně fyzických osob v souvislosti se zpracováním osobních údajů a o volném pohybu těchto údajů) máme povinnost Vás &hellip; <a href="https://www.streetpark.eu/cs/gdpr/">Continued</a></p>

<!-- This site is optimized with the Yoast SEO plugin v26.9 - https://yoast.com/product/yoast-seo-wordpress/ -->
<title>GDPR - Městský mobiliář STREETPARK</title>
<meta name="robots" content="index, follow, max-snippet:-1, max-image-preview:large, max-video-preview:-1" />
<link rel="canonical" href="https://www.streetpark.eu/cs/gdpr/" />
<meta property="og:locale" content="cs_CZ" />
<meta property="og:type" content="article" />
<meta property="og:title" content="GDPR - Městský mobiliář STREETPARK" />
<meta property="og:description" content="V souladu s obecným nařízením o ochraně osobních údajů GDPR (Nařízení Evropského parlamentu a Rady (EU) 2016/679 ze dne 27. dubna 2016 o ochraně fyzických osob v souvislosti se zpracováním osobních údajů a o volném pohybu těchto údajů) máme povinnost Vás &hellip; Continued" />
<meta property="og:url" content="https://www.streetpark.eu/cs/gdpr/" />
<meta property="og:site_name" content="Městský mobiliář STREETPARK" />
<meta property="article:publisher" content="https://www.facebook.com/streetpark.eu" />
<meta property="article:modified_time" content="2021-12-16T08:26:30+00:00" />
<meta name="twitter:card" content="summary_large_image" />
<meta name="twitter:label1" content="Odhadovaná doba čtení" />
	<meta name="twitter:data1" content="1 minuta" />
<script type="application/ld+json" class="yoast-schema-graph">{"@context":"https://schema.org","@graph":[{"@type":"WebPage","@id":"https://www.streetpark.eu/cs/gdpr/","url":"https://www.streetpark.eu/cs/gdpr/","name":"GDPR - Městský mobiliář STREETPARK","isPartOf":{"@id":"https://www.streetpark.eu/cs/#website"},"datePublished":"2018-10-01T07:19:41+00:00","dateModified":"2021-12-16T08:26:30+00:00","breadcrumb":{"@id":"https://www.streetpark.eu/cs/gdpr/#breadcrumb"},"inLanguage":"cs","potentialAction":[{"@type":"ReadAction","target":["https://www.streetpark.eu/cs/gdpr/"]}]},{"@type":"BreadcrumbList","@id":"https://www.streetpark.eu/cs/gdpr/#breadcrumb","itemListElement":[{"@type":"ListItem","position":1,"name":"Domů","item":"https://www.streetpark.eu/cs/"},{"@type":"ListItem","position":2,"name":"GDPR"}]},{"@type":"WebSite","@id":"https://www.streetpark.eu/cs/#website","url":"https://www.streetpark.eu/cs/","name":"Městský mobiliář STREETPARK","description":"STREETPARK jsou designové výrobky, které probudí vaše city.","publisher":{"@id":"https://www.streetpark.eu/cs/#organization"},"potentialAction":[{"@type":"SearchAction","target":{"@type":"EntryPoint","urlTemplate":"https://www.streetpark.eu/cs/?s={search_term_string}"},"query-input":{"@type":"PropertyValueSpecification","valueRequired":true,"valueName":"search_term_string"}}],"inLanguage":"cs"},{"@type":"Organization","@id":"https://www.streetpark.eu/cs/#organization","name":"Městský mobiliář STREETPARK","url":"https://www.streetpark.eu/cs/","logo":{"@type":"ImageObject","inLanguage":"cs","@id":"https://www.streetpark.eu/cs/#/schema/logo/image/","url":"https://www.streetpark.eu/wp-content/uploads/2022/10/STREETPARK_zakladni-varianta_ochr.zona.png","contentUrl":"https://www.streetpark.eu/wp-content/uploads/2022/10/STREETPARK_zakladni-varianta_ochr.zona.png","width":1906,"height":575,"caption":"Městský mobiliář STREETPARK"},"image":{"@id":"https://www.streetpark.eu/cs/#/schema/logo/image/"},"sameAs":["https://www.facebook.com/streetpark.eu","https://www.instagram.com/streetpark.eu/","https://www.linkedin.com/company/streetpark","https://cz.pinterest.com/streetparkurbanfurniture/"]}]}</script>
<!-- / Yoast SEO plugin. -->

GDPR - Městský mobiliář STREETPARK

V souladu s obecným nařízením o ochraně osobních údajů GDPR (Nařízení Evropského parlamentu a Rady (EU) 2016/679 ze dne 27. dubna 2016 o ochraně fyzických osob v souvislosti se zpracováním osobních údajů a o volném pohybu těchto údajů) máme povinnost Vás &hellip; Continued

Městský mobiliář STREETPARK

Domů

STREETPARK jsou designové výrobky, které probudí vaše city.
